q = -7 + d. Suppose q*n - 76 = -6. List the prime factors of n.
5, 7
What are the prime factors of 18*((-4)/(-10))/(8/50)?
3, 5
Suppose 3*g - 2*r - 15 = 0, -5*g - 3*r - 15 = -59. Suppose 5*x - g*x = -154. List the prime factors of x.
7, 11
Let x be ((-2)/(-4))/(3369/(-1686) - -2). List the prime factors of 3 + (-2 + x)*10/15.
3, 7
Let p be 2/6 - 10/(-6). Suppose -p*a + 3*z + 106 = 0, 0*a - 2*z + 60 = a. Let j = a - 30. What are the prime factors of j?
2, 13
Let w(z) = 4*z - 10. Let q be w(3). Suppose j = -4*l + 116, q*j - 2*l - 2*l - 172 = 0. List the prime factors of j.
2, 3
Suppose 13*j - 9*j = 1012. What are the prime factors of j?
11, 23
Suppose -4*y - 1027 = -6*y - 3*h, 4*h - 2578 = -5*y. What are the prime factors of y?
2, 7, 37
Let x = 48 + -42. What are the prime factors of (1 - x/4) + (-45)/(-2)?
2, 11
Let r = 116 - 2. What are the prime factors of r?
2, 3, 19
Let h(m) = -m**3 - 2*m**2 + 8*m + 3. Suppose -3*o - 10 = 2*o - 3*b, 3*b = 2*o - 5. Let z be h(o). Let r = z + -16. What are the prime factors of r?
2, 11
Let w = 6 + -4. Suppose -w*t = -7*t + 20. Suppose 4*l - d = 3*l + 35, -16 = -t*d. List the prime factors of l.
3, 13
Let c = 72 + -42. Let g = -4 + c. List the prime factors of g.
2, 13
What are the prime factors of 1277 + 1 + 6/(-9 - -12)?
2, 5
Suppose -18*j - 437 = -4955. What are the prime factors of j?
251
Let q = -277 - -948. What are the prime factors of q?
11, 61
Let f(c) be the first derivative of -37*c**2/2 + 2*c - 2. Suppose -3*g = w, 0 = 5*g + 4*w - 0*w - 7. List the prime factors of f(g).
3, 13
Let l(q) be the second derivative of -q**5/20 - q**4/4 + q**3/2 + 2*q**2 - 2*q. Let z = -312 - -307. What are the prime factors of l(z)?
3, 13
Let u be 3 - (3/3 + -1). Suppose -z + 0*x + u*x + 306 = 0, 308 = z - 4*x. What are the prime factors of z/28 - (-8)/28?
11
Let q(j) = -4*j - 5. Suppose -36 = l + 4*t, 5*l + 5*t + 88 + 32 = 0. Let x = -28 - l. What are the prime factors of q(x)?
3
Let f = -3 - -5. Let d(c) = c**2 - 3 + f*c**2 + 3*c + 2*c**2 - 4*c**2. List the prime factors of d(5).
37
Let p(y) = -y**2 + 1. Let l(s) = 7*s**2 + 6*s - 6. Let j(d) = l(d) + 5*p(d). List the prime factors of j(-6).
5, 7
Let y be ((21/(-6) + 0)*-4)/(-1). What are the prime factors of (-3 + -1)*y + -2?
2, 3
Suppose 0 = -173*b + 171*b + 1186. List the prime factors of b.
593
Suppose 4*j + 32 = 6*j. Let h be (-58)/(-8) + (-4)/j. Suppose 4*n - h*n = -60. What are the prime factors of n?
2, 5
Let s(t) = t**2 + 2*t + 1. Let o be s(-3). Let w = 225 + -198. Let b = w - o. What are the prime factors of b?
23
Suppose 128*c - 1035 = 133*c. Let h = 328 + c. What are the prime factors of h?
11
Let f = 1936 + -814. What are the prime factors of f?
2, 3, 11, 17
Let x(n) = n - n**2 - n**3 + 352 - 705 + 355. Let j = -6 + 4. List the prime factors of x(j).
2
Let o = 1 + 5. Let t be 2*((-36 - 0) + (16 - 10)). List the prime factors of (-3576)/t - o/10.
59
Let i = -295 - -526. Let a = 412 - i. What are the prime factors of a?
181
Let x = 15 + -17. Let y be (x - (-3)/(-6))*-20. Suppose -y = -6*c + c. What are the prime factors of c?
2, 5
Suppose 3*h = 2*j + 2603 - 872, 1731 = 3*h - 3*j. List the prime factors of h.
577
Let q(w) = -w**2 + 1. Let u = -14 + 15. Let a(b) = 6*b**2 + 3*b. Let d(l) = u*a(l) + 4*q(l). List the prime factors of d(-4).
2, 3
Suppose 10*o = 12*o + 416. Let t = -118 - o. List the prime factors of t.
2, 3, 5
Suppose 2*s - 2*k = 26, 0 = 5*s + 4*k + 2 - 22. What are the prime factors of (2 + -3 - s/(-6))*501?
167
Suppose 0 = -d + 4, -t - 2*d = -4*d + 2870. List the prime factors of ((-6)/7)/(t/714 - -4).
2, 3, 17
Let a = 839 - 565. What are the prime factors of a?
2, 137
Suppose k + 9 = 28. Suppose -b = -3*b + 12. Let s = k - b. What are the prime factors of s?
13
Let u = -195 - 5. Let v = 383 + u. What are the prime factors of v?
3, 61
Let b(v) = 53*v**2 + 20*v + 113. What are the prime factors of b(-4)?
881
Suppose -493 = -7*b + 1936. Let g = -234 + b. What are the prime factors of g?
113
Let r(k) = 2*k + 8. Let x(u) be the first derivative of 3*u**2 + u + 2. Let m be x(1). List the prime factors of r(m).
2, 11
Let q(i) = i**2 - 5*i + 3. Let p be q(2). Let m = 1 - p. Suppose 5*j + m*v - 125 = 0, -v = -3*j + j + 63. What are the prime factors of j?
29
Suppose 2*j - 4*n - 1174 = 420, -2*n + 3937 = 5*j. List the prime factors of j.
3, 263
Let o(h) = 2*h**2 + 2*h - 1. Let n be o(-2). Suppose 0 = 5*r - n*r + 38. Let b = -16 - r. List the prime factors of b.
3
Suppose 0 = -15*m + 10*m + 20. Suppose -2*g + 4 = -l, -5*l + 0*g = -4*g - m. Suppose -38 - 30 = -l*c. List the prime factors of c.
17
Let u(s) = 2*s**2 - 3*s + 1. Let r be u(5). Let l = r - -4. Let a = 97 - l. List the prime factors of a.
3, 19
What are the prime factors of ((-74)/(-111))/((-1)/(-2397))?
2, 17, 47
Suppose -5*c + 156 = -574. Let n = c + -9. List the prime factors of n.
137
Suppose o - 5*w - 75 - 175 = 0, -2*o = -5*w - 495. Suppose -7*f + 2*f = -3*m - o, 3*m = -4*f + 223. Let b = f + -31. What are the prime factors of b?
3, 7
Let c be (4 - 12)/(1 + -3). Let f be -1*(c + 10)*-1. What are the prime factors of f/(-2)*-1 + -3?
2
Let z = 46 + -41. Suppose 3*r - 324 = 3*b, z*r - 462 - 48 = -b. What are the prime factors of r?
103
Suppose 5*n - 31 = -1. List the prime factors of 110 - (64/24 - (-2)/n).
107
Suppose 157*p = 167*p - 12800. List the prime factors of p.
2, 5
Suppose -6*g + 7730 = -214. What are the prime factors of g?
2, 331
Let n(q) = 13*q**3. Suppose 71 = 4*v + 23. Suppose -2*o - 10 + v = 0. What are the prime factors of n(o)?
13
Let q(h) = 2*h**2 + 15*h + 20. Let o be q(-9). Let f = -22 + o. List the prime factors of f.
5
Let q(g) = -4*g + 4. Let p(a) = -a**2 - a + 2. Let w be p(-2). What are the prime factors of q(w)?
2
Suppose 11005 - 1010 = 5*t. List the prime factors of t.
1999
Let a(r) = -r + 21. Let w be a(19). What are the prime factors of (-22)/(-33)*402/w?
2, 67
Let y = 35 - -17. Let x = y + -9. Suppose 4*b - 4*c - 180 = 0, 2*b = -c + 38 + x. What are the prime factors of b?
2, 3, 7
Suppose -3*i + 1591 = 4*o, 3*o - i - 952 - 251 = 0. List the prime factors of o.
2, 5
Suppose -17*o + 12 = -14*o. Suppose 0 = 2*c - 4*a - 218, -5*a = -o - 21. List the prime factors of c.
7, 17
Let y = 3 - -1. What are the prime factors of (19/2)/(y/8)?
19
Let r(v) = 5*v**2 - 4*v - 8. Let c(u) = 414*u**2. Let a be c(-1). Let h be (-4)/(-14) - a/126. List the prime factors of r(h).
7
Let l(h) = -1 + 16*h**2 - 3*h**2 + 2*h - h**3 + 0*h. Let f(r) = -2*r + 3. Let d be f(-5). What are the prime factors of l(d)?
5
Let d(x) = -x**2 - 35*x + 47. List the prime factors of d(-22).
3, 37
Let u(l) = l**2 - 18*l + 43. Let k be u(19). Suppose s = k + 12. What are the prime factors of s?
2, 37
What are the prime factors of 14*(-60)/50*-60?
2, 3, 7
Let w = -61 - -63. Suppose 3*j - w*j - 4*b - 91 = 0, 4*j - 299 = 3*b. What are the prime factors of j?
71
Suppose -7*i + 6477 = -2217. What are the prime factors of i?
2, 3, 23
Suppose 15 = -3*u, -41 - 175 = -v - 2*u. List the prime factors of v.
2, 113
Let u = -34 + 56. Let i = u - 20. Suppose -d + s = -24, -i*d + 54 - 1 = -3*s. What are the prime factors of d?
19
Suppose -14 = -j - 6*j. Suppose -j*q + 114 = -4*p, 4*p + 220 = 4*q - 0*q. List the prime factors of q.
53
Suppose 6*v - 598 - 566 = 0. List the prime factors of v.
2, 97
Let w(z) = z**3 - 8*z**2 - 8*z + 9. Let v be w(9). Let h = v - -79. Let i = 139 - h. List the prime factors of i.
2, 3, 7
Suppose -918 = -l + 4*c + c, -4*l = -4*c - 3608. What are the prime factors of l?
2, 449
Suppose -16*z + 12*z = -1984. What are the prime factors of z?
2, 31
Suppose 0 = -k - 6*k. Suppose k = 9*j - 167 - 193. What are the prime factors of j?
2, 5
Let v = 43 + -43. Suppose -b = 2*f - 74, -4*f - 92 = -b - v*f. List the prime factors of b.
2, 5
Let z be 2 + -23 + -1 + 5. Let j = -13 - z. What are the prime factors of j?
2
Suppose -l - 185 = -q + l, -5*q = -5*l - 905. List the prime factors of q.
3, 59
Let y(x) = x**2 - 3*x + 4. Let c = -41 - -15. Let p = -20 - c. What are the prime factors of y(p)?
2, 11
Let r(j) = -152*j**3 - 8*j**2 - 15*j + 7. List the prime factors of r(-2).
3, 11, 37
Suppose 19*c - 8401 - 1422 = 0. List the prime factors of c.
11, 47
Let t = 48 + -51. List the prime factors of t/6*-6 + 